actors of k?
3, 11
Suppose 5*f - 3*x - 1365 = 2*x, -5*x = 4*f - 1119. What are the prime factors of f?
2, 3, 23
Let k(q) = 87*q**2 - 2*q + 3. List the prime factors of k(1).
2, 11
Let i(h) be the second derivative of h**4/12 + 7*h**3/6 + 2*h**2 + 3*h. Let s be i(-3). Let z = 2 - s. List the prime factors of z.
2, 5
Let f be 295/9 + (-10)/(-45). Suppose f = p + 2*p. List the prime factors of (-1 + 0)/((-1)/p).
11
Suppose 0 = q + 1, 5*q = x - 4*x + 478. What are the prime factors of x?
7, 23
Let s be ((-1)/3)/((-4)/84). Suppose -4*c - 33 = -s*c. What are the prime factors of c?
11
Let b(j) = j**3 + 5*j**2 + 5*j + 4. Let y be b(-4). Suppose -4*w - w + 30 = y. What are the prime factors of w?
2, 3
Suppose -z + 2*d - 15 = 0, -4*d = 3*z - d + 18. Let t(p) = 9*p. Let b be t(5). What are the prime factors of 370/b + 2/z?
2
Let s(h) = 2*h - 2. Let k be s(6). Suppose k = -0*j + j. What are the prime factors of j?
2, 5
Suppose 2*v = 3*v - 2. Suppose v*k - 2*n = 3*k - 1, 5*n = 4*k - 30. What are the prime factors of k?
5
Let h = -7 - -10. Suppose -a + h = -0. List the prime factors of a.
3
Suppose -v = v + 2. Let g be (-2 - -2)*v + 2. Suppose -4*a = -g*o - 32, -2*a + 18 = a - 3*o. List the prime factors of a.
2, 5
Let n be 2/8*1*4. List the prime factors of (0 + 1)*3 + n.
2
Suppose -26 = k + 4*j, 104 - 8 = -3*k - 3*j. List the prime factors of (-2)/(2 - (-72)/k).
17
Let o(s) = 2*s - 5. Let t be o(0). Let y = 9 + t. What are the prime factors of y?
2
Let c = 98 + -17. What are the prime factors of c?
3
Suppose -28 = 5*x + 27. Let u = -8 - x. Let v(b) = -b**2 + 6*b - 4. List the prime factors of v(u).
5
Let t be 3/(-6)*4 + 2. Suppose -4*c = -t*c + 4*q, -2*c = -q + 3. What are the prime factors of (c + -16)/((-1)/1)?
17
Let f(a) = -a**3 + 5*a**2 - 4*a + 3. Let h be f(4). Suppose -2*b = -h*b. Suppose -3*s = -b*s - 4*j - 34, 2*s - 51 = -3*j. List the prime factors of s.
2, 3
Let g(i) = -38*i**3 + 3*i**2 + i + 1. List the prime factors of g(-2).
3, 5, 7
Let g be (-338)/(-8) + 1/(-4). Let u be ((-22)/(-3))/((-10)/30). Let c = g + u. What are the prime factors of c?
2, 5
Let g be (-1)/(2/(-6*5)). Let z be (-5)/2*(-12)/g. Suppose -z*h = h - 36. List the prime factors of h.
2, 3
Suppose -z = 3 - 1. Let q = z + 12. What are the prime factors of q?
2, 5
Suppose -h + 3*t + 1 + 8 = 0, 3*h + 2*t = -17. Let c = h - -42. List the prime factors of c.
3, 13
Let p be 1/(-4) - 312/32. What are the prime factors of -6*2/12*p?
2, 5
Let r(l) = l**3 + 27*l**2 - 3*l + 12. What are the prime factors of r(-27)?
3, 31
Suppose i = 4*i - 5*j - 28, -4*i - j + 22 = 0. Let l = i - -3. What are the prime factors of 2/3 - (-12)/l?
2
Suppose 0 = -2*u - 2 + 6. Suppose -3*n + 4*w + 8 = -n, -u = n - 5*w. List the prime factors of n.
2
Let c(x) = -x**3 + 3*x**2 - 2. Let t be c(2). Suppose 0*l - t*m - 4 = 2*l, 6 = -2*l - 3*m. Let g = 5 + l. What are the prime factors of g?
5
Let a(v) = 0 - 1 + 12*v**3 - v - v**2 + 2*v. Suppose -8 + 5 = -3*p. What are the prime factors of a(p)?
11
Suppose k - 5*i + 137 = 3*k, 0 = 5*k - 4*i - 293. List the prime factors of k.
61
Suppose -4*t - 100 = t. What are the prime factors of ((-18)/5)/(t/200)?
2, 3
Let w(h) = h**2 + 10*h + 5. Let x(r) = -4*r**2 - 41*r - 21. Let k(n) = 9*w(n) + 2*x(n). Let m be (1*4)/(2/(-4)). What are the prime factors of k(m)?
3
Let u = 11 - 11. Suppose 0 = -u*o - 4*o + 64. What are the prime factors of o?
2
Suppose -3*z + 3 + 0 = 0. List the prime factors of (-3)/z + 6 + 2.
5
Suppose -j - c + 12 = 3, 0 = 2*j + c - 15. Suppose 103 = 3*b - 17. Suppose -b = 2*q - j*q. What are the prime factors of q?
2, 5
Let h(a) be the third derivative of 7*a**4/6 - a**3/6 - 3*a**2. What are the prime factors of h(1)?
3
Suppose 5*k - 25 = -5*l, -3*l + 3*k = -1 + 4. Suppose l = -5*x + 12. Suppose a = -x*a + 18. List the prime factors of a.
2, 3
Suppose 3*p = -p + 324. Suppose -5*r = 2*m + p, m - 43 - 14 = 4*r. What are the prime factors of (-159)/r - 4/(-10)?
11
Suppose -2*h + 16 + 233 = 5*r, 20 = -4*r. List the prime factors of h.
137
Let n(y) = y**3 + y**2 - 3*y + 3. Let f be n(2). List the prime factors of 1 - -14 - (7 - f).
17
Let q(z) = -z**2 + 11*z - 12. Suppose 3*a - 19 = -4*u + 22, 5*u = -2*a + 46. List the prime factors of q(u).
2, 3
Suppose -5*j - 3*d = -245, -2*j - d - 245 = -7*j. Let k = j + -24. List the prime factors of k.
5
Let q = 55 - 12. List the prime factors of q.
43
Let y(o) = o**3 - 16*o**2 + o - 14. What are the prime factors of y(16)?
2
Suppose l - 76 = 3*x + 65, 4*x = -4*l + 516. List the prime factors of l.
2, 3, 11
Let g(m) = -m**2 - 27*m + 51. What are the prime factors of g(-16)?
227
Suppose -2*f + 5*z + 80 = 0, 217 = 6*f - f - 4*z. What are the prime factors of f?
3, 5
Suppose -9*d + 100 = -5*d. List the prime factors of d.
5
Let n(c) = 18 + c**2 + 0*c**2 - 19. Let q be n(-1). Suppose -115 = -5*a - y, 3*y = -q*y - 15. What are the prime factors of a?
2, 3
Let i(u) = 103*u**2 - 3*u + 1. List the prime factors of i(-1).
107
List the prime factors of (606/9)/(6/9).
101
Let u = -8 - -14. Suppose 3*w - 2*v - 3*v = u, w + 5*v = 22. What are the prime factors of w?
7
Let h(w) = w**3 - 5*w**2 - 7*w + 9. Let b(y) be the second derivative of -y**4/12 - y**3 + 3*y**2 + 2*y. Let d be b(-6). List the prime factors of h(d).
3
List the prime factors of 251/4 - (-15)/(-20).
2, 31
Suppose 3*u - 7 - 83 = 0. List the prime factors of u.
2, 3, 5
Suppose 0 = -p + 5*s, -4*s + 28 = 3*p - 5*s. Let n(m) = m**2 - 7*m + 5. Let c be n(4). Let r = c + p. What are the prime factors of r?
3
Suppose 5*y - 194 = -s + 3*s, 4*y + 5*s - 175 = 0. List the prime factors of y.
2, 5
Let o be (1*-1)/((-9)/18). Suppose 0*c = -o*c + 104. What are the prime factors of c?
2, 13
Let x(y) = y**3 + 8*y**2 - 2*y - 2. Let g = -9 - -1. What are the prime factors of x(g)?
2, 7
Suppose -5*i + 6 = -4. What are the prime factors of (-427)/(-28) + i/(-8)?
3, 5
Let p be (-10)/(0 - 2/8). What are the prime factors of (2/4)/(2/p)?
2, 5
Let p(l) = -l**2 + 2*l - 1. Let k be p(6). Let x = k - -42. What are the prime factors of x?
17
Suppose s - 4 = 2*s. What are the prime factors of 2/s*-42 - 0?
3, 7
Let s = 6 + -3. List the prime factors of ((-50)/s)/(2/(-3)).
5
What are the prime factors of (-3 + 2)/((-2)/14)?
7
Let a(u) be the third derivative of -u**4/24 + u**3/3 - 2*u**2. Let d be (-19)/2 + (-3)/6. What are the prime factors of a(d)?
2, 3
Suppose -17 = -4*b - 1. Suppose 2*v + 21 = 4*g + 1, -13 = -3*g + v. Suppose 0 = -5*j + j - b*h + 84, -g*h + 95 = 5*j. What are the prime factors of j?
2
Suppose 2*s - 47 = -m, -3*s - 4*m + 29 + 54 = 0. Suppose q = 3*i + 24, -2*i + 6*i = q - s. What are the prime factors of q?
3, 11
Suppose 1 + 5 = 3*s. Suppose 4*t + s - 106 = 0. List the prime factors of t.
2, 13
Suppose 4*o - 164 - 172 = 0. What are the prime factors of o?
2, 3, 7
What are the prime factors of (-12)/(-4 + 1) - -221?
3, 5
Let w = -13 - -30. What are the prime factors of w?
17
Suppose 256 = 2*r - 432. List the prime factors of r.
2, 43
Suppose 62 = 4*v + 2*b, 2*v + 5*b - 43 = -0*b. Suppose -a - 12 = -k, 2*k - v = -3*a - 5. What are the prime factors of k?
3
Let g = 39 - 27. Let k = 2 + g. List the prime factors of k.
2, 7
Let k be 0 + (0 - -2*1). Suppose -k = 2*i + 2. Let h = i - -15. List the prime factors of h.
13
Suppose -3*s = 2*s - 375. List the prime factors of s.
3, 5
Suppose -h + 10 = g, 31 = 4*g - h + 6. Let r = -1 + g. What are the prime factors of r - -3 - 3/(-1)?
2, 3
Suppose f = 5*s + 58, -28 = -2*f - 5*s + 43. List the prime factors of f.
43
Let c(i) = -i**3 - i**2 + 3*i + 2. Let a be c(-2). Suppose a = 3*p - p - 6, -v + 7 = -p. List the prime factors of v.
2, 5
Let c(u) = u**3 - u**2 - u + 1. Let p(s) = -5*s**3 - 4*s**2 + 14*s + 2. Let g(q) = 6*c(q) + p(q). Let n be g(9). Let b = 2 - n. What are the prime factors of b?
3
Suppose -4*f = -5 - 115. What are the prime factors of f?
2, 3, 5
Suppose 0*j + 130 = 2*z - 5*j, 65 = z - 3*j. List the prime factors of z.
5, 13
Let i(p) be the third derivative of -p**2 - 1/12*p**4 - 7/60*p**5 - 7/6*p**3 - 1/120*p**6 + 0*p + 0. List the prime factors of i(-7).
7
Let d = 57 + 216. List the prime factors of d.
3, 7, 13
Suppose 0 = -5*y + v + 105, -3*v = -5*y + 2*v + 85. What are the prime factors of y?
2, 11
Suppose 3*r + 2*r = 0. 